{"id":750,"date":"2016-09-28T20:13:19","date_gmt":"2016-09-28T20:13:19","guid":{"rendered":"http:\/\/nerds.se\/edt\/?page_id=750"},"modified":"2016-09-29T10:15:24","modified_gmt":"2016-09-29T10:15:24","slug":"hakull-2016","status":"publish","type":"page","link":"http:\/\/nerds.se\/edt\/hakull-2016\/","title":{"rendered":"H\u00e5kull 2016"},"content":{"rendered":"<p><!-- index.php -->\n<div\n\tclass=\"ngg-galleryoverview\n\t ngg-ajax-pagination-none\t\"\n\tid=\"ngg-gallery-47681a42d557151e1c693b8dd3d5de78-1\">\n\n\t\t<div class=\"slideshowlink\">\n\t\t<a href='http:\/\/nerds.se\/edt\/hakull-2016\/nggallery\/slideshow'>[Show slideshow]<\/a>\n\t\t\n\t<\/div>\n\t\t\t<!-- Thumbnails -->\n\t\t\t\t<div id=\"ngg-image-0\" class=\"ngg-gallery-thumbnail-box\" \n\t\t\t\t\t\t\t\t\t\t\t>\n\t\t\t\t\t\t<div class=\"ngg-gallery-thumbnail\">\n\t\t\t<a href=\"http:\/\/nerds.se\/edt\/\/wp-content\/gallery\/hakull-2016-1\/IMG_20160919_090832.jpg\"\n\t\t\t\ttitle=\"F\u00f6rberedelser vid Klitterhus l\u00e4nken.\"\n\t\t\t\tdata-src=\"http:\/\/nerds.se\/edt\/\/wp-content\/gallery\/hakull-2016-1\/IMG_20160919_090832.jpg\"\n\t\t\t\tdata-thumbnail=\"http:\/\/nerds.se\/edt\/\/wp-content\/gallery\/hakull-2016-1\/thumbs\/thumbs_IMG_20160919_090832.jpg\"\n\t\t\t\tdata-image-id=\"87\"\n\t\t\t\tdata-title=\"IMG_20160919_090832\"\n\t\t\t\tdata-description=\"F\u00f6rberedelser vid Klitterhus l\u00e4nken.\"\n\t\t\t\tdata-image-slug=\"img_20160919_090832\"\n\t\t\t\tclass=\"ngg-fancybox\" rel=\"47681a42d557151e1c693b8dd3d5de78\">\n\t\t\t\t<img\n\t\t\t\t\ttitle=\"IMG_20160919_090832\"\n\t\t\t\t\talt=\"IMG_20160919_090832\"\n\t\t\t\t\tsrc=\"http:\/\/nerds.se\/edt\/\/wp-content\/gallery\/hakull-2016-1\/thumbs\/thumbs_IMG_20160919_090832.jpg\"\n\t\t\t\t\twidth=\"240\"\n\t\t\t\t\theight=\"160\"\n\t\t\t\t\tstyle=\"max-width:100%;\"\n\t\t\t\t\/>\n\t\t\t<\/a>\n\t\t<\/div>\n\t\t\t\t\t\t\t<\/div> \n\t\t\t\n\t\t\n\t\t\t\t<div id=\"ngg-image-1\" class=\"ngg-gallery-thumbnail-box\" \n\t\t\t\t\t\t\t\t\t\t\t>\n\t\t\t\t\t\t<div class=\"ngg-gallery-thumbnail\">\n\t\t\t<a href=\"http:\/\/nerds.se\/edt\/\/wp-content\/gallery\/hakull-2016-1\/IMG_20160919_090850.jpg\"\n\t\t\t\ttitle=\"Hmmmm, ser bra ut :)\"\n\t\t\t\tdata-src=\"http:\/\/nerds.se\/edt\/\/wp-content\/gallery\/hakull-2016-1\/IMG_20160919_090850.jpg\"\n\t\t\t\tdata-thumbnail=\"http:\/\/nerds.se\/edt\/\/wp-content\/gallery\/hakull-2016-1\/thumbs\/thumbs_IMG_20160919_090850.jpg\"\n\t\t\t\tdata-image-id=\"88\"\n\t\t\t\tdata-title=\"IMG_20160919_090850\"\n\t\t\t\tdata-description=\"Hmmmm, ser bra ut :)\"\n\t\t\t\tdata-image-slug=\"img_20160919_090850\"\n\t\t\t\tclass=\"ngg-fancybox\" rel=\"47681a42d557151e1c693b8dd3d5de78\">\n\t\t\t\t<img\n\t\t\t\t\ttitle=\"IMG_20160919_090850\"\n\t\t\t\t\talt=\"IMG_20160919_090850\"\n\t\t\t\t\tsrc=\"http:\/\/nerds.se\/edt\/\/wp-content\/gallery\/hakull-2016-1\/thumbs\/thumbs_IMG_20160919_090850.jpg\"\n\t\t\t\t\twidth=\"240\"\n\t\t\t\t\theight=\"160\"\n\t\t\t\t\tstyle=\"max-width:100%;\"\n\t\t\t\t\/>\n\t\t\t<\/a>\n\t\t<\/div>\n\t\t\t\t\t\t\t<\/div> \n\t\t\t\n\t\t\n\t\t\t\t<div id=\"ngg-image-2\" class=\"ngg-gallery-thumbnail-box\" \n\t\t\t\t\t\t\t\t\t\t\t>\n\t\t\t\t\t\t<div class=\"ngg-gallery-thumbnail\">\n\t\t\t<a href=\"http:\/\/nerds.se\/edt\/\/wp-content\/gallery\/hakull-2016-1\/IMG_20160919_100525.jpg\"\n\t\t\t\ttitle=\"K\u00f6rde lite f\u00f6r l\u00e5ngt ut p\u00e5 Kullen men fin utsikt \u00f6ver Danmark.\"\n\t\t\t\tdata-src=\"http:\/\/nerds.se\/edt\/\/wp-content\/gallery\/hakull-2016-1\/IMG_20160919_100525.jpg\"\n\t\t\t\tdata-thumbnail=\"http:\/\/nerds.se\/edt\/\/wp-content\/gallery\/hakull-2016-1\/thumbs\/thumbs_IMG_20160919_100525.jpg\"\n\t\t\t\tdata-image-id=\"89\"\n\t\t\t\tdata-title=\"IMG_20160919_100525\"\n\t\t\t\tdata-description=\"K\u00f6rde lite f\u00f6r l\u00e5ngt ut p\u00e5 Kullen men fin utsikt \u00f6ver Danmark.\"\n\t\t\t\tdata-image-slug=\"img_20160919_100525\"\n\t\t\t\tclass=\"ngg-fancybox\" rel=\"47681a42d557151e1c693b8dd3d5de78\">\n\t\t\t\t<img\n\t\t\t\t\ttitle=\"IMG_20160919_100525\"\n\t\t\t\t\talt=\"IMG_20160919_100525\"\n\t\t\t\t\tsrc=\"http:\/\/nerds.se\/edt\/\/wp-content\/gallery\/hakull-2016-1\/thumbs\/thumbs_IMG_20160919_100525.jpg\"\n\t\t\t\t\twidth=\"240\"\n\t\t\t\t\theight=\"160\"\n\t\t\t\t\tstyle=\"max-width:100%;\"\n\t\t\t\t\/>\n\t\t\t<\/a>\n\t\t<\/div>\n\t\t\t\t\t\t\t<\/div> \n\t\t\t\n\t\t\n\t\t\t\t<div id=\"ngg-image-3\" class=\"ngg-gallery-thumbnail-box\" \n\t\t\t\t\t\t\t\t\t\t\t>\n\t\t\t\t\t\t<div class=\"ngg-gallery-thumbnail\">\n\t\t\t<a href=\"http:\/\/nerds.se\/edt\/\/wp-content\/gallery\/hakull-2016-1\/IMG_20160919_110825.jpg\"\n\t\t\t\ttitle=\"Denna karta skulle vi fotat p\u00e5 v\u00e4g upp till H\u00e5kull!\"\n\t\t\t\tdata-src=\"http:\/\/nerds.se\/edt\/\/wp-content\/gallery\/hakull-2016-1\/IMG_20160919_110825.jpg\"\n\t\t\t\tdata-thumbnail=\"http:\/\/nerds.se\/edt\/\/wp-content\/gallery\/hakull-2016-1\/thumbs\/thumbs_IMG_20160919_110825.jpg\"\n\t\t\t\tdata-image-id=\"103\"\n\t\t\t\tdata-title=\"IMG_20160919_110825\"\n\t\t\t\tdata-description=\"Denna karta skulle vi fotat p\u00e5 v\u00e4g upp till H\u00e5kull!\"\n\t\t\t\tdata-image-slug=\"img_20160919_110825\"\n\t\t\t\tclass=\"ngg-fancybox\" rel=\"47681a42d557151e1c693b8dd3d5de78\">\n\t\t\t\t<img\n\t\t\t\t\ttitle=\"IMG_20160919_110825\"\n\t\t\t\t\talt=\"IMG_20160919_110825\"\n\t\t\t\t\tsrc=\"http:\/\/nerds.se\/edt\/\/wp-content\/gallery\/hakull-2016-1\/thumbs\/thumbs_IMG_20160919_110825.jpg\"\n\t\t\t\t\twidth=\"240\"\n\t\t\t\t\theight=\"160\"\n\t\t\t\t\tstyle=\"max-width:100%;\"\n\t\t\t\t\/>\n\t\t\t<\/a>\n\t\t<\/div>\n\t\t\t\t\t\t\t<\/div> \n\t\t\t\n\t\t\n\t\t\t\t<div id=\"ngg-image-4\" class=\"ngg-gallery-thumbnail-box\" \n\t\t\t\t\t\t\t\t\t\t\t>\n\t\t\t\t\t\t<div class=\"ngg-gallery-thumbnail\">\n\t\t\t<a href=\"http:\/\/nerds.se\/edt\/\/wp-content\/gallery\/hakull-2016-1\/IMG_20160919_102743.jpg\"\n\t\t\t\ttitle=\"P\u00e5 v\u00e4g upp blev en liten extra utflykt som speciellt Lennart uppskattade :)\"\n\t\t\t\tdata-src=\"http:\/\/nerds.se\/edt\/\/wp-content\/gallery\/hakull-2016-1\/IMG_20160919_102743.jpg\"\n\t\t\t\tdata-thumbnail=\"http:\/\/nerds.se\/edt\/\/wp-content\/gallery\/hakull-2016-1\/thumbs\/thumbs_IMG_20160919_102743.jpg\"\n\t\t\t\tdata-image-id=\"90\"\n\t\t\t\tdata-title=\"IMG_20160919_102743\"\n\t\t\t\tdata-description=\"P\u00e5 v\u00e4g upp blev en liten extra utflykt som speciellt Lennart uppskattade :)\"\n\t\t\t\tdata-image-slug=\"img_20160919_102743\"\n\t\t\t\tclass=\"ngg-fancybox\" rel=\"47681a42d557151e1c693b8dd3d5de78\">\n\t\t\t\t<img\n\t\t\t\t\ttitle=\"IMG_20160919_102743\"\n\t\t\t\t\talt=\"IMG_20160919_102743\"\n\t\t\t\t\tsrc=\"http:\/\/nerds.se\/edt\/\/wp-content\/gallery\/hakull-2016-1\/thumbs\/thumbs_IMG_20160919_102743.jpg\"\n\t\t\t\t\twidth=\"240\"\n\t\t\t\t\theight=\"160\"\n\t\t\t\t\tstyle=\"max-width:100%;\"\n\t\t\t\t\/>\n\t\t\t<\/a>\n\t\t<\/div>\n\t\t\t\t\t\t\t<\/div> \n\t\t\t\n\t\t\n\t\t\t\t<div id=\"ngg-image-5\" class=\"ngg-gallery-thumbnail-box\" \n\t\t\t\t\t\t\t\t\t\t\t>\n\t\t\t\t\t\t<div class=\"ngg-gallery-thumbnail\">\n\t\t\t<a href=\"http:\/\/nerds.se\/edt\/\/wp-content\/gallery\/hakull-2016-1\/IMG_20160919_102938.jpg\"\n\t\t\t\ttitle=\"Paus beh\u00f6vs n\u00e4r mycket ska b\u00e4ras upp.\"\n\t\t\t\tdata-src=\"http:\/\/nerds.se\/edt\/\/wp-content\/gallery\/hakull-2016-1\/IMG_20160919_102938.jpg\"\n\t\t\t\tdata-thumbnail=\"http:\/\/nerds.se\/edt\/\/wp-content\/gallery\/hakull-2016-1\/thumbs\/thumbs_IMG_20160919_102938.jpg\"\n\t\t\t\tdata-image-id=\"91\"\n\t\t\t\tdata-title=\"IMG_20160919_102938\"\n\t\t\t\tdata-description=\"Paus beh\u00f6vs n\u00e4r mycket ska b\u00e4ras upp.\"\n\t\t\t\tdata-image-slug=\"img_20160919_102938\"\n\t\t\t\tclass=\"ngg-fancybox\" rel=\"47681a42d557151e1c693b8dd3d5de78\">\n\t\t\t\t<img\n\t\t\t\t\ttitle=\"IMG_20160919_102938\"\n\t\t\t\t\talt=\"IMG_20160919_102938\"\n\t\t\t\t\tsrc=\"http:\/\/nerds.se\/edt\/\/wp-content\/gallery\/hakull-2016-1\/thumbs\/thumbs_IMG_20160919_102938.jpg\"\n\t\t\t\t\twidth=\"240\"\n\t\t\t\t\theight=\"160\"\n\t\t\t\t\tstyle=\"max-width:100%;\"\n\t\t\t\t\/>\n\t\t\t<\/a>\n\t\t<\/div>\n\t\t\t\t\t\t\t<\/div> \n\t\t\t\n\t\t\n\t\t\t\t<div id=\"ngg-image-6\" class=\"ngg-gallery-thumbnail-box\" \n\t\t\t\t\t\t\t\t\t\t\t>\n\t\t\t\t\t\t<div class=\"ngg-gallery-thumbnail\">\n\t\t\t<a href=\"http:\/\/nerds.se\/edt\/\/wp-content\/gallery\/hakull-2016-1\/IMG_20160919_113635.jpg\"\n\t\t\t\ttitle=\"Vem d\u00f6ljer sig bland l\u00f6ven :)\"\n\t\t\t\tdata-src=\"http:\/\/nerds.se\/edt\/\/wp-content\/gallery\/hakull-2016-1\/IMG_20160919_113635.jpg\"\n\t\t\t\tdata-thumbnail=\"http:\/\/nerds.se\/edt\/\/wp-content\/gallery\/hakull-2016-1\/thumbs\/thumbs_IMG_20160919_113635.jpg\"\n\t\t\t\tdata-image-id=\"100\"\n\t\t\t\tdata-title=\"IMG_20160919_113635\"\n\t\t\t\tdata-description=\"Vem d\u00f6ljer sig bland l\u00f6ven :)\"\n\t\t\t\tdata-image-slug=\"img_20160919_113635\"\n\t\t\t\tclass=\"ngg-fancybox\" rel=\"47681a42d557151e1c693b8dd3d5de78\">\n\t\t\t\t<img\n\t\t\t\t\ttitle=\"IMG_20160919_113635\"\n\t\t\t\t\talt=\"IMG_20160919_113635\"\n\t\t\t\t\tsrc=\"http:\/\/nerds.se\/edt\/\/wp-content\/gallery\/hakull-2016-1\/thumbs\/thumbs_IMG_20160919_113635.jpg\"\n\t\t\t\t\twidth=\"240\"\n\t\t\t\t\theight=\"160\"\n\t\t\t\t\tstyle=\"max-width:100%;\"\n\t\t\t\t\/>\n\t\t\t<\/a>\n\t\t<\/div>\n\t\t\t\t\t\t\t<\/div> \n\t\t\t\n\t\t\n\t\t\t\t<div id=\"ngg-image-7\" class=\"ngg-gallery-thumbnail-box\" \n\t\t\t\t\t\t\t\t\t\t\t>\n\t\t\t\t\t\t<div class=\"ngg-gallery-thumbnail\">\n\t\t\t<a href=\"http:\/\/nerds.se\/edt\/\/wp-content\/gallery\/hakull-2016-1\/IMG_20160919_110852.jpg\"\n\t\t\t\ttitle=\"Vill inte! (Kan vara s\u00e5 att han e lite sne p\u00e5 Joakim f\u00f6r den lilla extra promenaden)\"\n\t\t\t\tdata-src=\"http:\/\/nerds.se\/edt\/\/wp-content\/gallery\/hakull-2016-1\/IMG_20160919_110852.jpg\"\n\t\t\t\tdata-thumbnail=\"http:\/\/nerds.se\/edt\/\/wp-content\/gallery\/hakull-2016-1\/thumbs\/thumbs_IMG_20160919_110852.jpg\"\n\t\t\t\tdata-image-id=\"104\"\n\t\t\t\tdata-title=\"IMG_20160919_110852\"\n\t\t\t\tdata-description=\"Vill inte! (Kan vara s\u00e5 att han e lite sne p\u00e5 Joakim f\u00f6r den lilla extra promenaden)\"\n\t\t\t\tdata-image-slug=\"img_20160919_110852\"\n\t\t\t\tclass=\"ngg-fancybox\" rel=\"47681a42d557151e1c693b8dd3d5de78\">\n\t\t\t\t<img\n\t\t\t\t\ttitle=\"IMG_20160919_110852\"\n\t\t\t\t\talt=\"IMG_20160919_110852\"\n\t\t\t\t\tsrc=\"http:\/\/nerds.se\/edt\/\/wp-content\/gallery\/hakull-2016-1\/thumbs\/thumbs_IMG_20160919_110852.jpg\"\n\t\t\t\t\twidth=\"240\"\n\t\t\t\t\theight=\"160\"\n\t\t\t\t\tstyle=\"max-width:100%;\"\n\t\t\t\t\/>\n\t\t\t<\/a>\n\t\t<\/div>\n\t\t\t\t\t\t\t<\/div> \n\t\t\t\n\t\t\n\t\t\t\t<div id=\"ngg-image-8\" class=\"ngg-gallery-thumbnail-box\" \n\t\t\t\t\t\t\t\t\t\t\t>\n\t\t\t\t\t\t<div class=\"ngg-gallery-thumbnail\">\n\t\t\t<a href=\"http:\/\/nerds.se\/edt\/\/wp-content\/gallery\/hakull-2016-1\/IMG_20160919_113302.jpg\"\n\t\t\t\ttitle=\"H\u00e4r kommer fika!!!\"\n\t\t\t\tdata-src=\"http:\/\/nerds.se\/edt\/\/wp-content\/gallery\/hakull-2016-1\/IMG_20160919_113302.jpg\"\n\t\t\t\tdata-thumbnail=\"http:\/\/nerds.se\/edt\/\/wp-content\/gallery\/hakull-2016-1\/thumbs\/thumbs_IMG_20160919_113302.jpg\"\n\t\t\t\tdata-image-id=\"97\"\n\t\t\t\tdata-title=\"IMG_20160919_113302\"\n\t\t\t\tdata-description=\"H\u00e4r kommer fika!!!\"\n\t\t\t\tdata-image-slug=\"img_20160919_113302\"\n\t\t\t\tclass=\"ngg-fancybox\" rel=\"47681a42d557151e1c693b8dd3d5de78\">\n\t\t\t\t<img\n\t\t\t\t\ttitle=\"IMG_20160919_113302\"\n\t\t\t\t\talt=\"IMG_20160919_113302\"\n\t\t\t\t\tsrc=\"http:\/\/nerds.se\/edt\/\/wp-content\/gallery\/hakull-2016-1\/thumbs\/thumbs_IMG_20160919_113302.jpg\"\n\t\t\t\t\twidth=\"240\"\n\t\t\t\t\theight=\"160\"\n\t\t\t\t\tstyle=\"max-width:100%;\"\n\t\t\t\t\/>\n\t\t\t<\/a>\n\t\t<\/div>\n\t\t\t\t\t\t\t<\/div> \n\t\t\t\n\t\t\n\t\t\t\t<div id=\"ngg-image-9\" class=\"ngg-gallery-thumbnail-box\" \n\t\t\t\t\t\t\t\t\t\t\t>\n\t\t\t\t\t\t<div class=\"ngg-gallery-thumbnail\">\n\t\t\t<a href=\"http:\/\/nerds.se\/edt\/\/wp-content\/gallery\/hakull-2016-1\/IMG_20160919_112901.jpg\"\n\t\t\t\ttitle=\"TR\u00d6TT!\"\n\t\t\t\tdata-src=\"http:\/\/nerds.se\/edt\/\/wp-content\/gallery\/hakull-2016-1\/IMG_20160919_112901.jpg\"\n\t\t\t\tdata-thumbnail=\"http:\/\/nerds.se\/edt\/\/wp-content\/gallery\/hakull-2016-1\/thumbs\/thumbs_IMG_20160919_112901.jpg\"\n\t\t\t\tdata-image-id=\"92\"\n\t\t\t\tdata-title=\"IMG_20160919_112901\"\n\t\t\t\tdata-description=\"TR\u00d6TT!\"\n\t\t\t\tdata-image-slug=\"img_20160919_112901\"\n\t\t\t\tclass=\"ngg-fancybox\" rel=\"47681a42d557151e1c693b8dd3d5de78\">\n\t\t\t\t<img\n\t\t\t\t\ttitle=\"IMG_20160919_112901\"\n\t\t\t\t\talt=\"IMG_20160919_112901\"\n\t\t\t\t\tsrc=\"http:\/\/nerds.se\/edt\/\/wp-content\/gallery\/hakull-2016-1\/thumbs\/thumbs_IMG_20160919_112901.jpg\"\n\t\t\t\t\twidth=\"240\"\n\t\t\t\t\theight=\"160\"\n\t\t\t\t\tstyle=\"max-width:100%;\"\n\t\t\t\t\/>\n\t\t\t<\/a>\n\t\t<\/div>\n\t\t\t\t\t\t\t<\/div> \n\t\t\t\n\t\t\n\t\t\t\t<div id=\"ngg-image-10\" class=\"ngg-gallery-thumbnail-box\" \n\t\t\t\t\t\t\t\t\t\t\t>\n\t\t\t\t\t\t<div class=\"ngg-gallery-thumbnail\">\n\t\t\t<a href=\"http:\/\/nerds.se\/edt\/\/wp-content\/gallery\/hakull-2016-1\/IMG_20160919_113138.jpg\"\n\t\t\t\ttitle=\"Fler ville fotografera den fina utsikten!\"\n\t\t\t\tdata-src=\"http:\/\/nerds.se\/edt\/\/wp-content\/gallery\/hakull-2016-1\/IMG_20160919_113138.jpg\"\n\t\t\t\tdata-thumbnail=\"http:\/\/nerds.se\/edt\/\/wp-content\/gallery\/hakull-2016-1\/thumbs\/thumbs_IMG_20160919_113138.jpg\"\n\t\t\t\tdata-image-id=\"93\"\n\t\t\t\tdata-title=\"IMG_20160919_113138\"\n\t\t\t\tdata-description=\"Fler ville fotografera den fina utsikten!\"\n\t\t\t\tdata-image-slug=\"img_20160919_113138\"\n\t\t\t\tclass=\"ngg-fancybox\" rel=\"47681a42d557151e1c693b8dd3d5de78\">\n\t\t\t\t<img\n\t\t\t\t\ttitle=\"IMG_20160919_113138\"\n\t\t\t\t\talt=\"IMG_20160919_113138\"\n\t\t\t\t\tsrc=\"http:\/\/nerds.se\/edt\/\/wp-content\/gallery\/hakull-2016-1\/thumbs\/thumbs_IMG_20160919_113138.jpg\"\n\t\t\t\t\twidth=\"240\"\n\t\t\t\t\theight=\"160\"\n\t\t\t\t\tstyle=\"max-width:100%;\"\n\t\t\t\t\/>\n\t\t\t<\/a>\n\t\t<\/div>\n\t\t\t\t\t\t\t<\/div> \n\t\t\t\n\t\t\n\t\t\t\t<div id=\"ngg-image-11\" class=\"ngg-gallery-thumbnail-box\" \n\t\t\t\t\t\t\t\t\t\t\t>\n\t\t\t\t\t\t<div class=\"ngg-gallery-thumbnail\">\n\t\t\t<a href=\"http:\/\/nerds.se\/edt\/\/wp-content\/gallery\/hakull-2016-1\/IMG_20160919_113144.jpg\"\n\t\t\t\ttitle=\"H\u00e4r va det kul att kl\u00e4ttra upp :)\"\n\t\t\t\tdata-src=\"http:\/\/nerds.se\/edt\/\/wp-content\/gallery\/hakull-2016-1\/IMG_20160919_113144.jpg\"\n\t\t\t\tdata-thumbnail=\"http:\/\/nerds.se\/edt\/\/wp-content\/gallery\/hakull-2016-1\/thumbs\/thumbs_IMG_20160919_113144.jpg\"\n\t\t\t\tdata-image-id=\"94\"\n\t\t\t\tdata-title=\"IMG_20160919_113144\"\n\t\t\t\tdata-description=\"H\u00e4r va det kul att kl\u00e4ttra upp :)\"\n\t\t\t\tdata-image-slug=\"img_20160919_113144\"\n\t\t\t\tclass=\"ngg-fancybox\" rel=\"47681a42d557151e1c693b8dd3d5de78\">\n\t\t\t\t<img\n\t\t\t\t\ttitle=\"IMG_20160919_113144\"\n\t\t\t\t\talt=\"IMG_20160919_113144\"\n\t\t\t\t\tsrc=\"http:\/\/nerds.se\/edt\/\/wp-content\/gallery\/hakull-2016-1\/thumbs\/thumbs_IMG_20160919_113144.jpg\"\n\t\t\t\t\twidth=\"240\"\n\t\t\t\t\theight=\"160\"\n\t\t\t\t\tstyle=\"max-width:100%;\"\n\t\t\t\t\/>\n\t\t\t<\/a>\n\t\t<\/div>\n\t\t\t\t\t\t\t<\/div> \n\t\t\t\n\t\t\n\t\t\t\t<div id=\"ngg-image-12\" class=\"ngg-gallery-thumbnail-box\" \n\t\t\t\t\t\t\t\t\t\t\t>\n\t\t\t\t\t\t<div class=\"ngg-gallery-thumbnail\">\n\t\t\t<a href=\"http:\/\/nerds.se\/edt\/\/wp-content\/gallery\/hakull-2016-1\/IMG_20160919_113216.jpg\"\n\t\t\t\ttitle=\"L\u00e5ngt d\u00e4r borta \u00e4r Klitterhus och l\u00e4nken vi ska s\u00e4nda tr\u00e5dl\u00f6st 802.11 till\"\n\t\t\t\tdata-src=\"http:\/\/nerds.se\/edt\/\/wp-content\/gallery\/hakull-2016-1\/IMG_20160919_113216.jpg\"\n\t\t\t\tdata-thumbnail=\"http:\/\/nerds.se\/edt\/\/wp-content\/gallery\/hakull-2016-1\/thumbs\/thumbs_IMG_20160919_113216.jpg\"\n\t\t\t\tdata-image-id=\"95\"\n\t\t\t\tdata-title=\"IMG_20160919_113216\"\n\t\t\t\tdata-description=\"L\u00e5ngt d\u00e4r borta \u00e4r Klitterhus och l\u00e4nken vi ska s\u00e4nda tr\u00e5dl\u00f6st 802.11 till\"\n\t\t\t\tdata-image-slug=\"img_20160919_113216\"\n\t\t\t\tclass=\"ngg-fancybox\" rel=\"47681a42d557151e1c693b8dd3d5de78\">\n\t\t\t\t<img\n\t\t\t\t\ttitle=\"IMG_20160919_113216\"\n\t\t\t\t\talt=\"IMG_20160919_113216\"\n\t\t\t\t\tsrc=\"http:\/\/nerds.se\/edt\/\/wp-content\/gallery\/hakull-2016-1\/thumbs\/thumbs_IMG_20160919_113216.jpg\"\n\t\t\t\t\twidth=\"240\"\n\t\t\t\t\theight=\"160\"\n\t\t\t\t\tstyle=\"max-width:100%;\"\n\t\t\t\t\/>\n\t\t\t<\/a>\n\t\t<\/div>\n\t\t\t\t\t\t\t<\/div> \n\t\t\t\n\t\t\n\t\t\t\t<div id=\"ngg-image-13\" class=\"ngg-gallery-thumbnail-box\" \n\t\t\t\t\t\t\t\t\t\t\t>\n\t\t\t\t\t\t<div class=\"ngg-gallery-thumbnail\">\n\t\t\t<a href=\"http:\/\/nerds.se\/edt\/\/wp-content\/gallery\/hakull-2016-1\/IMG_20160919_113227.jpg\"\n\t\t\t\ttitle=\"\"\n\t\t\t\tdata-src=\"http:\/\/nerds.se\/edt\/\/wp-content\/gallery\/hakull-2016-1\/IMG_20160919_113227.jpg\"\n\t\t\t\tdata-thumbnail=\"http:\/\/nerds.se\/edt\/\/wp-content\/gallery\/hakull-2016-1\/thumbs\/thumbs_IMG_20160919_113227.jpg\"\n\t\t\t\tdata-image-id=\"96\"\n\t\t\t\tdata-title=\"IMG_20160919_113227\"\n\t\t\t\tdata-description=\"\"\n\t\t\t\tdata-image-slug=\"img_20160919_113227\"\n\t\t\t\tclass=\"ngg-fancybox\" rel=\"47681a42d557151e1c693b8dd3d5de78\">\n\t\t\t\t<img\n\t\t\t\t\ttitle=\"IMG_20160919_113227\"\n\t\t\t\t\talt=\"IMG_20160919_113227\"\n\t\t\t\t\tsrc=\"http:\/\/nerds.se\/edt\/\/wp-content\/gallery\/hakull-2016-1\/thumbs\/thumbs_IMG_20160919_113227.jpg\"\n\t\t\t\t\twidth=\"240\"\n\t\t\t\t\theight=\"160\"\n\t\t\t\t\tstyle=\"max-width:100%;\"\n\t\t\t\t\/>\n\t\t\t<\/a>\n\t\t<\/div>\n\t\t\t\t\t\t\t<\/div> \n\t\t\t\n\t\t\n\t\t\t\t<div id=\"ngg-image-14\" class=\"ngg-gallery-thumbnail-box\" \n\t\t\t\t\t\t\t\t\t\t\t>\n\t\t\t\t\t\t<div class=\"ngg-gallery-thumbnail\">\n\t\t\t<a href=\"http:\/\/nerds.se\/edt\/\/wp-content\/gallery\/hakull-2016-1\/IMG_20160919_113336.jpg\"\n\t\t\t\ttitle=\"\"\n\t\t\t\tdata-src=\"http:\/\/nerds.se\/edt\/\/wp-content\/gallery\/hakull-2016-1\/IMG_20160919_113336.jpg\"\n\t\t\t\tdata-thumbnail=\"http:\/\/nerds.se\/edt\/\/wp-content\/gallery\/hakull-2016-1\/thumbs\/thumbs_IMG_20160919_113336.jpg\"\n\t\t\t\tdata-image-id=\"98\"\n\t\t\t\tdata-title=\"IMG_20160919_113336\"\n\t\t\t\tdata-description=\"\"\n\t\t\t\tdata-image-slug=\"img_20160919_113336\"\n\t\t\t\tclass=\"ngg-fancybox\" rel=\"47681a42d557151e1c693b8dd3d5de78\">\n\t\t\t\t<img\n\t\t\t\t\ttitle=\"IMG_20160919_113336\"\n\t\t\t\t\talt=\"IMG_20160919_113336\"\n\t\t\t\t\tsrc=\"http:\/\/nerds.se\/edt\/\/wp-content\/gallery\/hakull-2016-1\/thumbs\/thumbs_IMG_20160919_113336.jpg\"\n\t\t\t\t\twidth=\"240\"\n\t\t\t\t\theight=\"160\"\n\t\t\t\t\tstyle=\"max-width:100%;\"\n\t\t\t\t\/>\n\t\t\t<\/a>\n\t\t<\/div>\n\t\t\t\t\t\t\t<\/div> \n\t\t\t\n\t\t\n\t\t\t\t<div id=\"ngg-image-15\" class=\"ngg-gallery-thumbnail-box\" \n\t\t\t\t\t\t\t\t\t\t\t>\n\t\t\t\t\t\t<div class=\"ngg-gallery-thumbnail\">\n\t\t\t<a href=\"http:\/\/nerds.se\/edt\/\/wp-content\/gallery\/hakull-2016-1\/IMG_20160919_113346.jpg\"\n\t\t\t\ttitle=\"Praise the SUN!\"\n\t\t\t\tdata-src=\"http:\/\/nerds.se\/edt\/\/wp-content\/gallery\/hakull-2016-1\/IMG_20160919_113346.jpg\"\n\t\t\t\tdata-thumbnail=\"http:\/\/nerds.se\/edt\/\/wp-content\/gallery\/hakull-2016-1\/thumbs\/thumbs_IMG_20160919_113346.jpg\"\n\t\t\t\tdata-image-id=\"99\"\n\t\t\t\tdata-title=\"IMG_20160919_113346\"\n\t\t\t\tdata-description=\"Praise the SUN!\"\n\t\t\t\tdata-image-slug=\"img_20160919_113346\"\n\t\t\t\tclass=\"ngg-fancybox\" rel=\"47681a42d557151e1c693b8dd3d5de78\">\n\t\t\t\t<img\n\t\t\t\t\ttitle=\"IMG_20160919_113346\"\n\t\t\t\t\talt=\"IMG_20160919_113346\"\n\t\t\t\t\tsrc=\"http:\/\/nerds.se\/edt\/\/wp-content\/gallery\/hakull-2016-1\/thumbs\/thumbs_IMG_20160919_113346.jpg\"\n\t\t\t\t\twidth=\"240\"\n\t\t\t\t\theight=\"160\"\n\t\t\t\t\tstyle=\"max-width:100%;\"\n\t\t\t\t\/>\n\t\t\t<\/a>\n\t\t<\/div>\n\t\t\t\t\t\t\t<\/div> \n\t\t\t\n\t\t\n\t\t\t\t<div id=\"ngg-image-16\" class=\"ngg-gallery-thumbnail-box\" \n\t\t\t\t\t\t\t\t\t\t\t>\n\t\t\t\t\t\t<div class=\"ngg-gallery-thumbnail\">\n\t\t\t<a href=\"http:\/\/nerds.se\/edt\/\/wp-content\/gallery\/hakull-2016-1\/IMG_20160919_113357.jpg\"\n\t\t\t\ttitle=\"\"\n\t\t\t\tdata-src=\"http:\/\/nerds.se\/edt\/\/wp-content\/gallery\/hakull-2016-1\/IMG_20160919_113357.jpg\"\n\t\t\t\tdata-thumbnail=\"http:\/\/nerds.se\/edt\/\/wp-content\/gallery\/hakull-2016-1\/thumbs\/thumbs_IMG_20160919_113357.jpg\"\n\t\t\t\tdata-image-id=\"105\"\n\t\t\t\tdata-title=\"IMG_20160919_113357\"\n\t\t\t\tdata-description=\"\"\n\t\t\t\tdata-image-slug=\"img_20160919_113357\"\n\t\t\t\tclass=\"ngg-fancybox\" rel=\"47681a42d557151e1c693b8dd3d5de78\">\n\t\t\t\t<img\n\t\t\t\t\ttitle=\"IMG_20160919_113357\"\n\t\t\t\t\talt=\"IMG_20160919_113357\"\n\t\t\t\t\tsrc=\"http:\/\/nerds.se\/edt\/\/wp-content\/gallery\/hakull-2016-1\/thumbs\/thumbs_IMG_20160919_113357.jpg\"\n\t\t\t\t\twidth=\"240\"\n\t\t\t\t\theight=\"160\"\n\t\t\t\t\tstyle=\"max-width:100%;\"\n\t\t\t\t\/>\n\t\t\t<\/a>\n\t\t<\/div>\n\t\t\t\t\t\t\t<\/div> \n\t\t\t\n\t\t\n\t\t\t\t<div id=\"ngg-image-17\" class=\"ngg-gallery-thumbnail-box\" \n\t\t\t\t\t\t\t\t\t\t\t>\n\t\t\t\t\t\t<div class=\"ngg-gallery-thumbnail\">\n\t\t\t<a href=\"http:\/\/nerds.se\/edt\/\/wp-content\/gallery\/hakull-2016-1\/IMG_20160919_113823.jpg\"\n\t\t\t\ttitle=\"Intrimning :)\"\n\t\t\t\tdata-src=\"http:\/\/nerds.se\/edt\/\/wp-content\/gallery\/hakull-2016-1\/IMG_20160919_113823.jpg\"\n\t\t\t\tdata-thumbnail=\"http:\/\/nerds.se\/edt\/\/wp-content\/gallery\/hakull-2016-1\/thumbs\/thumbs_IMG_20160919_113823.jpg\"\n\t\t\t\tdata-image-id=\"101\"\n\t\t\t\tdata-title=\"IMG_20160919_113823\"\n\t\t\t\tdata-description=\"Intrimning :)\"\n\t\t\t\tdata-image-slug=\"img_20160919_113823\"\n\t\t\t\tclass=\"ngg-fancybox\" rel=\"47681a42d557151e1c693b8dd3d5de78\">\n\t\t\t\t<img\n\t\t\t\t\ttitle=\"IMG_20160919_113823\"\n\t\t\t\t\talt=\"IMG_20160919_113823\"\n\t\t\t\t\tsrc=\"http:\/\/nerds.se\/edt\/\/wp-content\/gallery\/hakull-2016-1\/thumbs\/thumbs_IMG_20160919_113823.jpg\"\n\t\t\t\t\twidth=\"240\"\n\t\t\t\t\theight=\"160\"\n\t\t\t\t\tstyle=\"max-width:100%;\"\n\t\t\t\t\/>\n\t\t\t<\/a>\n\t\t<\/div>\n\t\t\t\t\t\t\t<\/div> \n\t\t\t\n\t\t\n\t\t\t\t<div id=\"ngg-image-18\" class=\"ngg-gallery-thumbnail-box\" \n\t\t\t\t\t\t\t\t\t\t\t>\n\t\t\t\t\t\t<div class=\"ngg-gallery-thumbnail\">\n\t\t\t<a href=\"http:\/\/nerds.se\/edt\/\/wp-content\/gallery\/hakull-2016-1\/IMG_20160919_120817.jpg\"\n\t\t\t\ttitle=\"L\u00e4nken uppe! Nytt rekord 104 Mbit\/s! Gick bra att streama en film :)\"\n\t\t\t\tdata-src=\"http:\/\/nerds.se\/edt\/\/wp-content\/gallery\/hakull-2016-1\/IMG_20160919_120817.jpg\"\n\t\t\t\tdata-thumbnail=\"http:\/\/nerds.se\/edt\/\/wp-content\/gallery\/hakull-2016-1\/thumbs\/thumbs_IMG_20160919_120817.jpg\"\n\t\t\t\tdata-image-id=\"106\"\n\t\t\t\tdata-title=\"IMG_20160919_120817\"\n\t\t\t\tdata-description=\"L\u00e4nken uppe! Nytt rekord 104 Mbit\/s! Gick bra att streama en film :)\"\n\t\t\t\tdata-image-slug=\"img_20160919_120817\"\n\t\t\t\tclass=\"ngg-fancybox\" rel=\"47681a42d557151e1c693b8dd3d5de78\">\n\t\t\t\t<img\n\t\t\t\t\ttitle=\"IMG_20160919_120817\"\n\t\t\t\t\talt=\"IMG_20160919_120817\"\n\t\t\t\t\tsrc=\"http:\/\/nerds.se\/edt\/\/wp-content\/gallery\/hakull-2016-1\/thumbs\/thumbs_IMG_20160919_120817.jpg\"\n\t\t\t\t\twidth=\"240\"\n\t\t\t\t\theight=\"160\"\n\t\t\t\t\tstyle=\"max-width:100%;\"\n\t\t\t\t\/>\n\t\t\t<\/a>\n\t\t<\/div>\n\t\t\t\t\t\t\t<\/div> \n\t\t\t\n\t\t\n\t\t\t\t<div id=\"ngg-image-19\" class=\"ngg-gallery-thumbnail-box\" \n\t\t\t\t\t\t\t\t\t\t\t>\n\t\t\t\t\t\t<div class=\"ngg-gallery-thumbnail\">\n\t\t\t<a href=\"http:\/\/nerds.se\/edt\/\/wp-content\/gallery\/hakull-2016-1\/IMG_20160919_113827.jpg\"\n\t\t\t\ttitle=\"The Boss (vi l\u00e5ter han tro det i alla fall :) ) Superstort tack till er alla som gjorde en fin dag fantastisk!\"\n\t\t\t\tdata-src=\"http:\/\/nerds.se\/edt\/\/wp-content\/gallery\/hakull-2016-1\/IMG_20160919_113827.jpg\"\n\t\t\t\tdata-thumbnail=\"http:\/\/nerds.se\/edt\/\/wp-content\/gallery\/hakull-2016-1\/thumbs\/thumbs_IMG_20160919_113827.jpg\"\n\t\t\t\tdata-image-id=\"102\"\n\t\t\t\tdata-title=\"IMG_20160919_113827\"\n\t\t\t\tdata-description=\"The Boss (vi l\u00e5ter han tro det i alla fall :) ) Superstort tack till er alla som gjorde en fin dag fantastisk!\"\n\t\t\t\tdata-image-slug=\"img_20160919_113827\"\n\t\t\t\tclass=\"ngg-fancybox\" rel=\"47681a42d557151e1c693b8dd3d5de78\">\n\t\t\t\t<img\n\t\t\t\t\ttitle=\"IMG_20160919_113827\"\n\t\t\t\t\talt=\"IMG_20160919_113827\"\n\t\t\t\t\tsrc=\"http:\/\/nerds.se\/edt\/\/wp-content\/gallery\/hakull-2016-1\/thumbs\/thumbs_IMG_20160919_113827.jpg\"\n\t\t\t\t\twidth=\"240\"\n\t\t\t\t\theight=\"160\"\n\t\t\t\t\tstyle=\"max-width:100%;\"\n\t\t\t\t\/>\n\t\t\t<\/a>\n\t\t<\/div>\n\t\t\t\t\t\t\t<\/div> \n\t\t\t\n\t\t\n\t\t\n\t\t<!-- Pagination -->\n\t\t<div class='ngg-clear'><\/div>\t<\/div>\n<\/p>\n","protected":false},"excerpt":{"rendered":"<p>[Show slideshow]<\/p>\n","protected":false},"author":1,"featured_media":0,"parent":0,"menu_order":0,"comment_status":"closed","ping_status":"closed","template":"","meta":{"ngg_post_thumbnail":0,"footnotes":""},"_links":{"self":[{"href":"http:\/\/nerds.se\/edt\/wp-json\/wp\/v2\/pages\/750"}],"collection":[{"href":"http:\/\/nerds.se\/edt\/wp-json\/wp\/v2\/pages"}],"about":[{"href":"http:\/\/nerds.se\/edt\/wp-json\/wp\/v2\/types\/page"}],"author":[{"embeddable":true,"href":"http:\/\/nerds.se\/edt\/wp-json\/wp\/v2\/users\/1"}],"replies":[{"embeddable":true,"href":"http:\/\/nerds.se\/edt\/wp-json\/wp\/v2\/comments?post=750"}],"version-history":[{"count":4,"href":"http:\/\/nerds.se\/edt\/wp-json\/wp\/v2\/pages\/750\/revisions"}],"predecessor-version":[{"id":796,"href":"http:\/\/nerds.se\/edt\/wp-json\/wp\/v2\/pages\/750\/revisions\/796"}],"wp:attachment":[{"href":"http:\/\/nerds.se\/edt\/wp-json\/wp\/v2\/media?parent=750"}],"curies":[{"name":"wp","href":"https:\/\/api.w.org\/{rel}","templated":true}]}}